 5*i - 207 = 0, -2*i - 110 = 5*x - 1053. What is the highest common factor of x and 17?
17
Let d be (-2)/8 + (-82)/(-8). Let g be ((-3)/(-9))/((-2)/(-150)). What is the greatest common factor of d and g?
5
Suppose -b - b + 16 = 0. Let l = -84 + 148. What is the greatest common divisor of b and l?
8
Suppose -11*a + 15*a - 80 = 0. What is the greatest common divisor of 5 and a?
5
Suppose 2*j - j + 3*a = 44, 5*j = -3*a + 232. Suppose -y - j = -5*b + 3, -2*y + 65 = 5*b. Calculate the greatest common factor of b and 77.
11
Suppose -188 = -4*w + 3*d, 130 = 3*w + 3*d - 8*d. Calculate the greatest common factor of w and 15.
5
Let v = -9 + 9. Suppose 0 = -v*b - b + 20. Let u be 33/9 + (-1)/(-3). What is the highest common factor of u and b?
4
Suppose -2*x - 226 = -3*f, -4*x - x = 2*f - 119. Calculate the greatest common factor of 24 and f.
24
Suppose -c = -3*q + 9, -4*q + 3*c + 5 = -2. What is the highest common factor of 20 and q?
4
Suppose 0 = -z - 2*z + 264. What is the greatest common factor of z and 11?
11
Suppose 3*b = -0 + 21. Suppose -v - 3*v + 28 = 0. Calculate the greatest common factor of b and v.
7
Let t = -2 + 2. Suppose -16 = -2*g - t. Let f = -1 + g. Calculate the highest common factor of 7 and f.
7
Suppose r - 11 = -2*s + 9, -4*r + 2*s = -40. Let w be (2 + 2)/2 + r. Suppose -2*i + 34 = -w. What is the highest common factor of 3 and i?
3
Suppose -z = 3*z. Let j = z + -5. Let n = 7 + j. What is the greatest common factor of n and 10?
2
Let o be (-1)/(4/432*-1). Calculate the highest common factor of 12 and o.
12
Let m be 2024/28 + (-8)/28. Let l = 1 + -1. Suppose d + 3 = 0, d = -l*p + 4*p - 39. What is the highest common divisor of m and p?
9
Suppose -31*i = -24*i - 126. What is the highest common divisor of 144 and i?
18
Let b = -36 - -41. What is the greatest common factor of b and 5?
5
Let o(l) = -l**3 + 19*l**2 + 3*l - 39. Let r be o(19). What is the greatest common divisor of r and 144?
18
Let p = 9 + 6. Let g = 28 - p. What is the greatest common factor of 65 and g?
13
Let y(v) = -398*v - 2. Let o be y(-1). Calculate the highest common factor of o and 36.
36
Let f be -88*(-1)/3*3. What is the greatest common factor of f and 11?
11
Let g(j) = -13*j - 2. Let s be g(-1). What is the highest common factor of s and 22?
11
Suppose 0 = -v + 3*q + 44 - 16, -3*v - 2*q = -40. Suppose -3*x = 2*x - 720. What is the highest common divisor of x and v?
16
Let u(i) = -i - 6. Let c be u(-7). What is the highest common divisor of c and 1?
1
Suppose -5*f = 7*f - 72. What is the greatest common divisor of f and 6?
6
Let h = -55 - -127. Let u(d) = d**3 + 17*d**2 - 2*d - 10. Let y be u(-17). What is the greatest common divisor of y and h?
24
Let c(k) = k**3 - 8 - k**2 + 2*k**2 - 6*k + k**2 - 4*k**2. Let q be c(6). Calculate the highest common factor of 25 and q.
25
Let l(k) = k**2 + 2. Let z be l(-5). What is the highest common divisor of z and 18?
9
Suppose -4*r - 10 - 10 = 0, -22 = 3*w + 5*r. Let d be w + (2 - 3) + 25. Calculate the highest common factor of 10 and d.
5
Let x = 61 - 6. Calculate the highest common factor of 5 and x.
5
Suppose -3*y + 0*y = -9. Let m(b) = -8 + 0*b**2 + 2*b**2 - 3*b - 2*b**2 - 5*b**2 + b**y. Let z be m(6). Calculate the highest common factor of z and 10.
10
Let i(k) = -11*k + 4. Let q be i(2). Let r be 4/q + 2261/171. Calculate the highest common factor of r and 52.
13
Let z(s) = 3*s**2 - 5*s - 2. Let i be z(-3). Suppose -26*g = -23*g - 3. Suppose 6 = d + g. Calculate the greatest common factor of d and i.
5
Suppose 4*t - 12 = -0. Suppose 0 = 3*k - 2*u - 2*u - 190, -t*k + 205 = -u. What is the greatest common factor of 14 and k?
14
Suppose -7*n - 24 = -38. Suppose -5 = -4*l + 3, -9 = -5*h - 2*l. What is the highest common divisor of h and n?
1
Let u be -14 + (-6)/9*3. Let t(p) = p + 5. Let r be t(-4). Let z be u/(-1)*r + 2. What is the greatest common divisor of z and 12?
6
Let y(i) = -3*i - 12. Let q be y(-6). Let m = 16 - q. Calculate the greatest common factor of 110 and m.
10
Let y(z) = z**3 - z + 1. Let s be y(0). Let m be -1 - (s + 0/3). Let h be -1 + m/((-6)/15). What is the greatest common divisor of h and 8?
4
Let l(i) = 16*i - 1. Let x(v) = -v - 7. Let n be x(-5). Let d be 3*(-1)/(-5 - n). Let o be l(d). Calculate the greatest common divisor of o and 15.
15
Suppose 4*x - 4 = 28. Calculate the greatest common divisor of 24 and x.
8
Suppose -2 + 14 = 2*h - 3*x, 0 = 2*h - x - 4. Suppose j + j - 162 = h. Calculate the highest common factor of j and 9.
9
Let t(l) = -l + 4. Let i be t(0). Suppose 0 = -i*h + 2*h + 108. Let o(q) = -q**2 + 5*q + 5. Let k be o(4). Calculate the greatest common factor of k and h.
9
Let z = 78 + -8. Suppose 0 = -2*b + 3*b - 14. What is the highest common factor of z and b?
14
Let k = 2 + 1. Suppose -13 = -k*f + 2*f. Calculate the greatest common factor of 91 and f.
13
Let n(q) = q**3 + 17*q**2 - 4*q - 14. Let k be n(-17). Calculate the greatest common factor of 135 and k.
27
Let n = 14 - 9. Calculate the highest common factor of n and 25.
5
Suppose 0 = -2*m + 20 + 4. Let d = m + -6. Calculate the greatest common factor of 54 and d.
6
Let w be 0 + 0 + -8*1. Let n(d) = -d**3 - 7*d**2 + 6*d - 7. Let v be n(w). Calculate the highest common divisor of v and 63.
9
Suppose 3*i - 2*l - 14 = 1, -2*l = i - 5. Let a(p) = -p + 5. Let z be a(i). Suppose -u = -z*u - 7. What is the highest common factor of 7 and u?
7
Let b = 52 + -41. What is the greatest common divisor of b and 77?
11
Suppose 18 = 2*s - 10. What is the greatest common factor of 112 and s?
14
Suppose -4*t + 3*t = -20. What is the greatest common divisor of t and 5?
5
Suppose 5*i - 76 = -4*b, -4*i + 4*b = -38 + 6. What is the greatest common divisor of i and 60?
12
Let g(u) = -2*u - 1. Let v be g(-11). What is the greatest common factor of v and 3?
3
Let m be 3*2/48 + 284/32. What is the highest common factor of 99 and m?
9
Suppose 2*u + b + 4*b = 144, 0 = -2*u + 5*b + 144. Calculate the greatest common divisor of u and 8.
8
Let f = -6 + 14. Let p(z) = -5*z**3 - 2*z**2 - 5*z - 3. Let q be p(-3). Suppose q = 5*w + 29. What is the greatest common divisor of f and w?
4
Let v = 5 - -10. Suppose 19*b + 1155 = 26*b. What is the greatest common factor of v and b?
15
Let b(k) = 3*k - 4*k - 5*k + 3*k**2. Let d be b(5). Let p = 51 - 33. Calculate the highest common divisor of d and p.
9
Let b(s) be the second derivative of -s**5/20 + 2*s**4/3 - 3*s**3/2 - 4*s. Let n be b(6). Calculate the highest common factor of 90 and n.
18
Suppose -x + 76 = 3*x. Let q(a) = -a**2 - 5*a + 152. Let z be q(0). Calculate the greatest common divisor of z and x.
19
Suppose 0 = 10*r - 456 - 64. Calculate the greatest common factor of r and 13.
13
Suppose 268 = 4*k - 3*i, 0 = k + 2*i - 54 - 2. What is the greatest common factor of 8 and k?
8
Suppose 0 = -2*b + 3*b. Let l be b - (0 - 6)*1. What is the highest common divisor of 48 and l?
6
Let u be (-2 - 0)*15/(-6). Suppose 0 = 3*o - 7*o + 100. What is the highest common factor of u and o?
5
Let k be (-6)/4*(-13 - -7). Calculate the greatest common factor of k and 1.
1
Let z(q) = -q + 7. Let m(l) = -l**3 + 3*l**2 + 3*l - 3. Let h be m(2). Let a = 0 - h. Let s be z(a). Calculate the greatest common divisor of s and 28.
14
Let a(l) = 11*l**2 - 1 - l**2 + 0*l - 3*l. Let t be a(-2). Calculate the highest common divisor of 18 and t.
9
Let c be ((-12)/(-5))/((-12)/(-160)). What is the highest common divisor of 4 and c?
4
Suppose 0 = s + 3*a - 67, -3*s = 2*s + a - 321. Calculate the greatest common divisor of 4 and s.
4
Suppose 9 + 1 = 5*m. Suppose 6 = m*h - h. Calculate the highest common factor of h and 15.
3
Suppose 0 + 4 = 2*u. Calculate the greatest common factor of u and 8.
2
Suppose 0 = -2*n - 4*k + 950, 2*n = -2*n - 3*k + 1885. Suppose -73 + n = 4*u. Suppose f + 0*f - 9 = 0. Calculate the greatest common factor of u and f.
9
Suppose 59 + 141 = 10*u. Calculate the highest common factor of 12 and u.
4
Let l(h) = h**3 + 7*h**2 - 9*h - 6. Let d be l(-7). Calculate the greatest common divisor of d and 19.
19
Let f = -26 + 37. What is the greatest common divisor of 121 and f?
11
Let j be 637/(-14)*(-1 - 1). Let n be -52*(-4)/(-16)*-1. What is the greatest common factor of n and j?
13
Suppose 0*x - 2*q = 4*x - 126, -4*x - 3*q